
73
Calculate the greatest common divisor of 2904 and 1140.
12
Calculate the highest common divisor of 31734 and 36.
18
What is the greatest common factor of 26070 and 632?
158
What is the highest common divisor of 1337 and 222?
1
Calculate the highest common divisor of 700 and 37700.
100
What is the highest common divisor of 490341 and 438?
219
What is the greatest common factor of 1230 and 69?
3
Calculate the greatest common divisor of 7774 and 181168.
338
Calculate the highest common divisor of 991362 and 15240.
762
Calculate the greatest common factor of 696 and 48198.
174
What is the greatest common factor of 4453420 and 82?
82
Calculate the highest common divisor of 286554 and 40434.
1758
What is the highest common divisor of 10 and 166385?
5
Calculate the highest common factor of 49221 and 36.
9
Calculate the greatest common divisor of 31725 and 611.
47
What is the greatest common factor of 9 and 44703?
9
Calculate the greatest common factor of 11495 and 1235.
95
Calculate the highest common divisor of 1467 and 3671901.
1467
Calculate the greatest common factor of 84756 and 3171.
21
What is the greatest common factor of 35584 and 1264?
16
What is the greatest common factor of 209373 and 303?
303
Calculate the greatest common divisor of 94962 and 126.
42
Calculate the highest common factor of 9136 and 5139.
571
Calculate the highest common divisor of 54452 and 4.
4
What is the highest common divisor of 1726 and 11?
1
Calculate the greatest common divisor of 55321 and 1029.
49
Calculate the highest common divisor of 2479007 and 292.
73
What is the highest common factor of 1024 and 18144?
32
Calculate the highest common factor of 224519 and 51.
17
Calculate the greatest common divisor of 198 and 599698.
22
Calculate the greatest common divisor of 189 and 15687.
189
What is the highest common divisor of 992 and 70773?
31
Calculate the highest common divisor of 441 and 191688.
147
Calculate the highest common divisor of 1529910 and 3.
3
Calculate the highest common divisor of 1927 and 18424.
47
Calculate the highest common divisor of 720480 and 48.
48
Calculate the highest common factor of 93 and 14353.
31
What is the greatest common divisor of 185 and 9?
1
What is the highest common factor of 28280 and 505?
505
Calculate the greatest common divisor of 313 and 407213.
313
Calculate the highest common divisor of 252 and 12159.
63
Calculate the greatest common factor of 25 and 26245.
5
Calculate the greatest common divisor of 4096 and 367616.
1024
Calculate the highest common divisor of 84385 and 161.
7
Calculate the highest common factor of 1299321 and 486.
243
Calculate the greatest common factor of 461708 and 39614.
1366
What is the greatest common factor of 1751680 and 1190?
1190
What is the greatest common factor of 411 and 208377?
411
What is the greatest common factor of 27 and 122373?
9
Calculate the highest common divisor of 650 and 99775.
325
What is the highest common divisor of 872 and 12?
4
Calculate the greatest common divisor of 1771 and 12903.
253
What is the highest common factor of 23136 and 432?
48
Calculate the highest common factor of 1358838 and 90.
18
What is the greatest common divisor of 38 and 533938?
38
Calculate the highest common divisor of 53317 and 11.
11
Calculate the greatest common factor of 329516 and 1188.
44
What is the greatest common factor of 250 and 4405?
5
What is the greatest common divisor of 796416 and 12?
12
Calculate the greatest common factor of 40 and 32392.
8
What is the greatest common divisor of 604 and 819326?
302
Calculate the highest common factor of 1794 and 76820.
46
Calculate the highest common factor of 67 and 397.
1
What is the greatest common divisor of 594 and 37818?
198
Calculate the highest common divisor of 1162 and 48472.
166
Calculate the greatest common factor of 22 and 6677.
11
Calculate the highest common divisor of 273 and 412923.
21
What is the greatest common divisor of 4352 and 6205?
17
What is the greatest common factor of 41463 and 255?
51
Calculate the greatest common divisor of 395710 and 210.
70
Calculate the greatest common divisor of 22 and 4.
2
What is the highest common divisor of 139832 and 14?
14
Calculate the greatest common divisor of 42050 and 350.
50
What is the highest common factor of 5621 and 297?
11
Calculate the greatest common divisor of 357 and 2226.
21
Calculate the greatest common factor of 9450 and 3360.
210
Calculate the highest common divisor of 22555 and 2422060.
1735
Calculate the highest common divisor of 80875 and 5823.
647
Calculate the greatest common factor of 936 and 489.
3
Calculate the greatest common divisor of 1722 and 40221.
123
Calculate the highest common factor of 715 and 117865.
55
What is the highest common factor of 40 and 13540?
20
What is the highest common factor of 15 and 6285?
15
What is the highest common factor of 386296 and 4796?
436
Calculate the greatest common factor of 128 and 107336.
8
Calculate the greatest common factor of 6090 and 4578.
42
Calculate the highest common factor of 76 and 36708.
76
Calculate the greatest common divisor of 630 and 353745.
315
Calculate the greatest common divisor of 960 and 85056.
192
What is the greatest common factor of 52 and 102089?
13
Calculate the greatest common divisor of 5 and 386755.
5
Calculate the highest common divisor of 275 and 2434080.
55
What is the highest common factor of 41952 and 10143?
69
What is the highest common divisor of 25 and 355?
5
Calculate the greatest common divisor of 228935 and 11935.
1085
What is the greatest common divisor of 6120 and 68160?
120
What is the greatest common factor of 115 and 150305?
115
Calculate the greatest common divisor of 47 and 7737845.
47
Calculate the greatest common factor of 2234325 and 93.
93
Calculate the highest common divisor of 42 and 510.
6
Calculate the greatest common divisor of 561 and 122133.
33
What is the highest common divisor of 11154 and 168324?
1014
What is the highest common factor of 5796 and 25047?
207
Calculate the greatest common divisor of 546 and 42672.
42
What is the highest common factor of 1214885 and 3707?
337
Calculate the greatest common divisor of 358 and 6063625.
179
What is the greatest common factor of 4553 and 7693?
157
What is the greatest common factor of 1387 and 10293?
73
Calculate the greatest common divisor of 32 and 1405936.
16
What is the greatest common divisor of 82 and 4449566?
82
Calculate the highest common divisor of 63940 and 65.
5
What is the highest common divisor of 444 and 324?
12
Calculate the highest common factor of 2153415 and 1023.
1023
What is the greatest common divisor of 6839 and 774761?
977
What is the greatest common divisor of 928 and 1964576?
928
What is the greatest common factor of 157305 and 60?
15
What is the greatest common factor of 63 and 520569?
63
What is the greatest common factor of 2150 and 400?
50
What is the greatest common factor of 10467 and 18?
9
Calculate the greatest common divisor of 164275 and 50.
25
Calculate the highest common factor of 30 and 31998.
6
What is the greatest common factor of 235659 and 6?
3
What is the greatest common divisor of 112626 and 198?
18
Calculate the highest common factor of 6935 and 461725.
365
Calculate the highest common divisor of 3577004 and 34.
34
Calculate the greatest common divisor of 536503 and 418.
209
Calculate the highest common divisor of 768 and 2894592.
768
What is the greatest common factor of 8819082 and 1494?
1494
What is the greatest common factor of 69 and 993?
3
What is the greatest common divisor of 94 and 68667?
47
What is the greatest common factor of 485 and 5917?
97
Calculate the highest common divisor of 612 and 4392.
36
What is the greatest common factor of 16492 and 228?
76
What is the greatest common divisor of 153 and 15426?
9
Calculate the highest common divisor of 99992 and 431.
431
Calculate the highest common factor of 154 and 110341.
77
Calculate the highest common divisor of 4909555 and 7.
7
Calculate the highest common divisor of 487907 and 47.
47
Calculate the greatest common factor of 80 and 1308870.
10
What is the greatest common divisor of 685828 and 654?
218
Calculate the highest common factor of 550 and 200.
50
What is the greatest common factor of 1921566 a